{"id":5,"date":"2017-11-27T19:29:49","date_gmt":"2017-11-27T18:29:49","guid":{"rendered":"http:\/\/fabiolacakes.es\/?page_id=5"},"modified":"2026-02-05T23:49:44","modified_gmt":"2026-02-05T22:49:44","slug":"tartas_en-madrid-hecho-con-amor","status":"publish","type":"page","link":"https:\/\/fabiolacakes.es\/","title":{"rendered":"Inicio"},"content":{"rendered":"\n<img decoding=\"async\" src=\"http:\/\/fabiolacakes.es\/wp-content\/uploads\/2020\/08\/slider-tarta-chocolate.jpg\" alt=\"\" \/>\t\t\t\n\t\t\t<img decoding=\"async\" src=\"http:\/\/fabiolacakes.es\/wp-content\/uploads\/2020\/08\/slider-1.jpg\" alt=\"\" \/>\t\t\t\n\t\t\t<img decoding=\"async\" src=\"http:\/\/fabiolacakes.es\/wp-content\/uploads\/2020\/08\/slider-tarta-helada.jpg\" alt=\"\" \/>\t\t\t\n\t\t\t<img decoding=\"async\" src=\"http:\/\/fabiolacakes.es\/wp-content\/uploads\/2020\/08\/slider-rectang-tarta-maracuya-1.jpg\" alt=\"\" \/>\t\t\t\n\t\t\t<img decoding=\"async\" src=\"http:\/\/fabiolacakes.es\/wp-content\/uploads\/2020\/08\/slider-rectangulo-tartas-1.jpg\" alt=\"\" \/>\t\t\t\n\t\t\t<img decoding=\"async\" src=\"http:\/\/fabiolacakes.es\/wp-content\/uploads\/2020\/08\/slider-rectangulo-tartasSELVA-1.jpg\" alt=\"\" \/>\t\t\t\n\t\t\t\t<img decoding=\"async\" src=\"http:\/\/fabiolacakes.es\/wp-content\/uploads\/2020\/07\/portfolio-gold-dots-1.png\" alt=\"portfolio-gold-dots-1\" itemprop=\"image\" title=\"portfolio-gold-dots-1\" onerror=\"this.style.display='none'\"  \/>\n\t\t\t\t<img decoding=\"async\" src=\"http:\/\/fabiolacakes.es\/wp-content\/uploads\/2020\/07\/portfolio-gold-dots-1.png\" alt=\"portfolio-gold-dots-1\" itemprop=\"image\" title=\"portfolio-gold-dots-1\" onerror=\"this.style.display='none'\"  \/>\n\t\t\t\t<img decoding=\"async\" src=\"http:\/\/fabiolacakes.es\/wp-content\/uploads\/2020\/08\/PANAL-FABIUOLA.png\" alt=\"PANAL-FABIUOLA\" itemprop=\"image\" title=\"PANAL-FABIUOLA\" onerror=\"this.style.display='none'\"  \/>\n<h1>\n\t\tBienvenidos\n\t<\/h1>\n\t<p><strong>Nuestra misi\u00f3n<\/strong> <em>es llevar a vuestras manos un producto elaborado con materias primas de excelente calidad, totalmente personalizado y adaptado a cada ocasi\u00f3n, por lo que prestamos especial cuidado e inter\u00e9s a los detalles.<\/em><\/p>\n<p><strong>Emplazados en Madrid Centro, elaboramos tartas tradicionales peruanas, creativas.<\/strong><\/p>\nConvertimos tu idea en el regalo especial y original para cumplea\u00f1os, bautizos, primera comuni\u00f3n, bodas, cualquier celebraci\u00f3n es propicia para sorprender a tus seres queridos y dejar una huella dulce en su recuerdo.<br \/>\nGracias por confiar en nosotros.\n\t\t\t<a href=\"\" target=\"_self\" role=\"button\" rel=\"noopener noreferrer\">\n\t\t\t\t\t\t\tM\u00e1s cerca nosotros\n\t\t\t<\/a>\n<h1>\n\t\tNuestros Productos\n\t<\/h1>\n\t<p>Ofrecemos una amplia gama de <strong>Reposter\u00eda tradicional y creativa peruana<\/strong> para particulares.<\/p>\n<p>Prestamos servicios personalizados<strong> para empresas<\/strong> interesadas en la obtenci\u00f3n de nuestros productos.<\/p>\n\t\t\t\t<img decoding=\"async\" src=\"http:\/\/fabiolacakes.es\/wp-content\/uploads\/2020\/08\/cheecake-fabiolacakes.jpg\" alt=\"cheecake-fabiolacakes\" itemprop=\"image\" title=\"cheecake-fabiolacakes\" onerror=\"this.style.display='none'\"  \/>\n<h3>\n\t\tTarta de Maracuy\u00e1\n\t<\/h3>\n\t\t\t<a href=\"http:\/\/fabiolacakes.es\/?page_id=11\" target=\"_self\" role=\"button\" rel=\"noopener noreferrer\">\n\t\t\t\t\t\t\tHaz tu pedido\n\t\t\t<\/a>\n\t\t\t\t<img decoding=\"async\" src=\"http:\/\/fabiolacakes.es\/wp-content\/uploads\/2020\/08\/TARTASELVA-NEGRA-fabiolacakes.jpg\" alt=\"TARTASELVA-NEGRA-fabiolacakes\" itemprop=\"image\" title=\"TARTASELVA-NEGRA-fabiolacakes\" onerror=\"this.style.display='none'\"  \/>\n<h3>\n\t\tTarta Selva Negra\n\t<\/h3>\n\t\t\t<a href=\"http:\/\/fabiolacakes.es\/?page_id=11\" target=\"_self\" role=\"button\" rel=\"noopener noreferrer\">\n\t\t\t\t\t\t\tHaz tu pedido\n\t\t\t<\/a>\n\t\t\t\t<img decoding=\"async\" src=\"http:\/\/fabiolacakes.es\/wp-content\/uploads\/2020\/08\/TARTAHELADA-fabiolacakes.jpg\" alt=\"TARTAHELADA-fabiolacakes\" itemprop=\"image\" title=\"TARTAHELADA-fabiolacakes\" onerror=\"this.style.display='none'\"  \/>\n<h3>\n\t\tTarta Helada\n\t<\/h3>\n\t\t\t<a href=\"http:\/\/fabiolacakes.es\/?page_id=11\" target=\"_self\" role=\"button\" rel=\"noopener noreferrer\">\n\t\t\t\t\t\t\tHaz tu pedido\n\t\t\t<\/a>\n\t\t\t\t<img decoding=\"async\" src=\"http:\/\/fabiolacakes.es\/wp-content\/uploads\/2020\/08\/TARTALUCUMA-fabiolacakes.jpg\" alt=\"TARTALUCUMA-fabiolacakes\" itemprop=\"image\" title=\"TARTALUCUMA-fabiolacakes\" onerror=\"this.style.display='none'\"  \/>\n<h3>\n\t\tTarta de L\u00facuma\n\t<\/h3>\n\t\t\t<a href=\"http:\/\/fabiolacakes.es\/?page_id=11\" target=\"_self\" role=\"button\" rel=\"noopener noreferrer\">\n\t\t\t\t\t\t\tHaz tu pedido\n\t\t\t<\/a>\n\t\t\t\t<img decoding=\"async\" src=\"http:\/\/fabiolacakes.es\/wp-content\/uploads\/2020\/08\/TARTA-fabiolacakes.jpg\" alt=\"TARTA-fabiolacakes\" itemprop=\"image\" title=\"TARTA-fabiolacakes\" onerror=\"this.style.display='none'\"  \/>\n<h3>\n\t\tTarta de Queso\n\t<\/h3>\n\t\t\t<a href=\"http:\/\/fabiolacakes.es\/?page_id=11\" target=\"_self\" role=\"button\" rel=\"noopener noreferrer\">\n\t\t\t\t\t\t\tHaz tu pedido\n\t\t\t<\/a>\n\t\t\t\t<img decoding=\"async\" src=\"http:\/\/fabiolacakes.es\/wp-content\/uploads\/2020\/08\/TARTACHOCO-fabiolacakes.jpg\" alt=\"TARTACHOCO-fabiolacakes\" itemprop=\"image\" title=\"TARTACHOCO-fabiolacakes\" onerror=\"this.style.display='none'\"  \/>\n<h3>\n\t\tTarta de Chocolate\n\t<\/h3>\n\t\t\t<a href=\"http:\/\/fabiolacakes.es\/?page_id=11\" target=\"_self\" role=\"button\" rel=\"noopener noreferrer\">\n\t\t\t\t\t\t\tHaz tu pedido\n\t\t\t<\/a>\n<h1>\n\t\tTartas Creativas\n\t<\/h1>\n\t<p>Ofrecemos una amplia gama de <strong>Reposter\u00eda tradicional y creativa peruana<\/strong> para particulares.<\/p>\n<p>Prestamos servicios personalizados<strong> para empresas<\/strong> interesadas en la obtenci\u00f3n de nuestros productos.<\/p>\n<h3>\n\t\tEmpresa Colaboradora\n\t<\/h3>\n<img decoding=\"async\" src=\"https:\/\/static.xx.fbcdn.net\/rsrc.php\/v3\/y5\/r\/vfXKA62x4Da.png\" alt=\"Highlights info row image\" \/><strong>PLAZA DE LOS MOSTENSES 1B PUESTO 52<\/strong>\n28015 Madrid, Espa\u00f1a\nC\u00f3mo llegar\n<img decoding=\"async\" src=\"https:\/\/static.xx.fbcdn.net\/rsrc.php\/v3\/yW\/r\/mYv88EsODOI.png\" alt=\"Highlights info row image\" \/> 640 33 60 43\n<img decoding=\"async\" src=\"https:\/\/static.xx.fbcdn.net\/rsrc.php\/v3\/y5\/r\/SSEf0jMMMxV.png\" alt=\"Highlights info row image\" \/>\nEnviar mensaje\n<img decoding=\"async\" src=\"https:\/\/static.xx.fbcdn.net\/rsrc.php\/v3\/yl\/r\/LwDWwC1d0Rx.png\" alt=\"Highlights info row image\" \/>\nRestaurante\n<img decoding=\"async\" src=\"https:\/\/static.xx.fbcdn.net\/rsrc.php\/v3\/yd\/r\/5S4XsEXBmrG.png\" alt=\"Highlights info row image\" \/> Horario: 09:00 &#8211; 19:00\n\t\t\t\t<img decoding=\"async\" src=\"http:\/\/fabiolacakes.es\/wp-content\/uploads\/2020\/08\/subir-en-web-warique-ruhen.png\" alt=\"subir en web warique ruhen\" itemprop=\"image\" title=\"subir en web warique ruhen\" onerror=\"this.style.display='none'\"  \/>\n<h1>\n\t\tTus pedidos\n\t<\/h1>\n\t<p><strong>Tu tarta por encargo hecha a medida,<\/strong> del sabor, color y tama\u00f1o que necesites, P<strong>ara celebrar tus momentos especiales: bodas, cumplea\u00f1os, primeras comuniones, bautizos, aniversarios, eventos\u2026<\/strong><\/p>\n<p>Decoradas con fondant, fruta fresca, frutos secos, oblea\/papel de az\u00facar impreso, gominolas, chocolatinas artesanales, pepitas de colores, etc.<\/p>\n<p><strong>Reci\u00e9n horneada, fresca y jugosa,\u00a0Las mejores tartas de Madrid<\/strong><\/p>\n\t<strong>ESTAMOS EN:<\/strong><br \/>\nMercado de los Mostenses, Plaza Mostenses, 1 puesto 52\n<p><strong>640 33 60 43 <\/strong><\/p>\n<p>info@fabiolacakes.es<\/p>\n\t<div role=\"form\" class=\"wpcf7\" id=\"wpcf7-f132-o1\" lang=\"es-ES\" dir=\"ltr\">\n<div class=\"screen-reader-response\"><\/div>\n<form action=\"\/index.php?rest_route=%2Fwp%2Fv2%2Fpages%2F5#wpcf7-f132-o1\" method=\"post\" class=\"wpcf7-form\" enctype=\"multipart\/form-data\" novalidate=\"novalidate\">\n<div style=\"display: none;\">\n<input type=\"hidden\" name=\"_wpcf7\" value=\"132\" \/>\n<input type=\"hidden\" name=\"_wpcf7_version\" value=\"5.1.7\" \/>\n<input type=\"hidden\" name=\"_wpcf7_locale\" value=\"es_ES\" \/>\n<input type=\"hidden\" name=\"_wpcf7_unit_tag\" value=\"wpcf7-f132-o1\" \/>\n<input type=\"hidden\" name=\"_wpcf7_container_post\" value=\"0\" \/>\n<\/div>\n<p><label> Nombre (requerido)<br \/>\n    <span class=\"wpcf7-form-control-wrap your-name\"><input type=\"text\" name=\"your-name\" value=\"\" size=\"40\" class=\"wpcf7-form-control wpcf7-text wpcf7-validates-as-required\" aria-required=\"true\" aria-invalid=\"false\" \/><\/span> <\/label><\/p>\n<p><label> Movil (requerido)<br \/>\n<span class=\"wpcf7-form-control-wrap tel-218\"><input type=\"tel\" name=\"tel-218\" value=\"\" size=\"40\" class=\"wpcf7-form-control wpcf7-text wpcf7-tel wpcf7-validates-as-required wpcf7-validates-as-tel\" aria-required=\"true\" aria-invalid=\"false\" \/><\/span> <\/label><\/p>\n<p><label> Tu correo electr\u00f3nico (requerido)<br \/>\n    <span class=\"wpcf7-form-control-wrap your-email\"><input type=\"email\" name=\"your-email\" value=\"\" size=\"40\" class=\"wpcf7-form-control wpcf7-text wpcf7-email wpcf7-validates-as-required wpcf7-validates-as-email\" aria-required=\"true\" aria-invalid=\"false\" \/><\/span> <\/label><\/p>\n<p><label> Adjunta archivo (ref. tarta)jpg , pdf, doc<br \/>\n<span class=\"wpcf7-form-control-wrap file-702\"><input type=\"file\" name=\"file-702\" size=\"40\" class=\"wpcf7-form-control wpcf7-file\" accept=\".doc,.jpg,.pdf,.jpeg\" aria-invalid=\"false\" \/><\/span> <\/label><\/p>\n<p><label> Asunto<br \/>\n    <span class=\"wpcf7-form-control-wrap your-subject\"><input type=\"text\" name=\"your-subject\" value=\"\" size=\"40\" class=\"wpcf7-form-control wpcf7-text\" aria-invalid=\"false\" \/><\/span> <\/label><\/p>\n<p><label> Mensaje<br \/>\n    <span class=\"wpcf7-form-control-wrap your-message\"><textarea name=\"your-message\" cols=\"40\" rows=\"10\" class=\"wpcf7-form-control wpcf7-textarea\" aria-invalid=\"false\"><\/textarea><\/span> <\/label><\/p>\n<p><input type=\"submit\" value=\"Enviar\" class=\"wpcf7-form-control wpcf7-submit\" \/><\/p>\n<div class=\"wpcf7-response-output wpcf7-display-none\"><\/div><\/form><\/div>\n\t\t\t<a href=\"https:\/\/www.facebook.com\/fabiolatartasMadrid\/\" target=\"_self\" role=\"button\" rel=\"noopener noreferrer\">\n\t\t\t\t\t\tFacebook\n\t\t\t\t\t<\/a>\n\t\t\t<a href=\"https:\/\/www.instagram.com\/fabiolacakesmadrid\/\" target=\"_self\" role=\"button\" rel=\"noopener noreferrer\">\n\t\t\t\t\t\tInstagram\n\t\t\t\t\t<\/a>\n\tNo images found! <br> Try some other hashtag or username<\/div>\n\t<iframe src=\"https:\/\/www.google.com\/maps\/embed\/v1\/place?q=Mercado+de+los+Mostenses%2C+Plaza+Mostenses%2C+1+++puesto+52&#038;key=AIzaSyD09zQ9PNDNNy9TadMuzRV_UsPUoWKntt8\" aria-hidden=\"true\"><\/iframe>\n\t<BODY>\n<CENTER>\n<MARQUEE WIDTH=100% BGCOLOR=#ffffff>\n<FONT FACE=arial COLOR=#c88563  SIZE=5>\n RECOGE&#8212;> Tu pedido  640 33 60 43   \u00a1Te esperamos!&#8230; Mercado de los Mostenses, Plaza Mostenses, 1, puesto 52, METRO L-3-10 PLAZA ESPA\u00d1A\n<\/FONT>\n<\/MARQUEE> \n<\/CENTER>\n<\/BODY>\n\t\t\t\t<img decoding=\"async\" src=\"http:\/\/fabiolacakes.es\/wp-content\/uploads\/2020\/07\/LOGO-efectoDORADO-FABIOLA-1024x1024.png\" alt=\"LOGO-efectoDORADO-FABIOLA\" itemprop=\"image\" title=\"LOGO-efectoDORADO-FABIOLA\" onerror=\"this.style.display='none'\"  \/>\n<h2>\n\t\tNosotros\n\t<\/h2>\n\t<p>FABIOLA CAKES Reposter\u00eda Tradicional y creativa, para Hosteler\u00eda.<\/p>\nTartas tradicionales<br \/>\nTartas Creativas<br \/>\nTartas de cumplea\u00f1os<br \/>\nTartas para Bodas\n<h2>\n\t\tEmpresa\n\t<\/h2>\n\tInicio<br \/>\nSobre nosotros<br \/>\nCarrito de compras<br \/>\nContacto\n<h2>\n\t\tContacto\n\t<\/h2>\n\t<strong>ESTAMOS EN:<\/strong><br \/>\nMercado de los Mostenses, Plaza Mostenses, 1 puesto 52\n<p><strong>640 33 60 43 <\/strong><\/p>\n<p>info@fabiolacakes.eso<\/p>\n\t\t\t\t<img loading=\"lazy\" decoding=\"async\" src=\"http:\/\/fabiolacakes.es\/wp-content\/uploads\/2020\/03\/seguridad-y-banderas-1.png\" alt=\"seguridad-y-banderas-1\" itemprop=\"image\" height=\"143\" width=\"570\" title=\"seguridad-y-banderas-1\" onerror=\"this.style.display='none'\"  \/>\n","protected":false},"excerpt":{"rendered":"<p>Bienvenidos Nuestra misi\u00f3n es llevar a vuestras manos un producto elaborado con materias primas de excelente calidad, totalmente personalizado y adaptado a cada ocasi\u00f3n, por lo que prestamos especial cuidado e inter\u00e9s a los detalles. Emplazados en Madrid Centro, elaboramos tartas tradicionales peruanas, creativas. Convertimos tu idea en el regalo especial y original para cumplea\u00f1os,&hellip;<\/p>\n","protected":false},"author":2,"featured_media":0,"parent":0,"menu_order":0,"comment_status":"closed","ping_status":"closed","template":"","meta":{"footnotes":""},"class_list":["post-5","page","type-page","status-publish","hentry"],"yoast_head":"<!-- This site is optimized with the Yoast SEO plugin v14.8.1 - https:\/\/yoast.com\/wordpress\/plugins\/seo\/ -->\n<title>TARTAS FABIOLA CAKES MADRID &mdash; Expertos en tartas peruanas | \u00a1Pidelo 640336043! plaza Espa\u00f1a %<\/title>\n<meta name=\"description\" content=\"Hecho con Amor&quot; Autentica pasteler\u00eda peruana especializada en pasteles personalizados y postres t\u00edpicos y tradicionales peruanos. Ubicados en la zona de Plaza Espa\u00f1a; Nos especializamos en los siguientes postres: Tres Leches,chocolates, selva negra, chocolate, lucuma Peruano Torta Helada Pie de Lim\u00f3n Peruano Picarones Bud\u00edn Alfajores Pionono Catering Peruano Mazamorra morada Selva Negra\" \/>\n<meta name=\"robots\" content=\"index, follow\" \/>\n<meta name=\"googlebot\" content=\"index, follow, max-snippet:-1, max-image-preview:large, max-video-preview:-1\" \/>\n<meta name=\"bingbot\" content=\"index, follow, max-snippet:-1, max-image-preview:large, max-video-preview:-1\" \/>\n<link rel=\"canonical\" href=\"https:\/\/fabiolacakes.es\/\" \/>\n<meta property=\"og:locale\" content=\"es_ES\" \/>\n<meta property=\"og:type\" content=\"article\" \/>\n<meta property=\"og:title\" content=\"TARTAS FABIOLA CAKES MADRID &mdash; Expertos en tartas peruanas | \u00a1Pidelo 640336043! plaza Espa\u00f1a %\" \/>\n<meta property=\"og:description\" content=\"Hecho con Amor&quot; Autentica pasteler\u00eda peruana especializada en pasteles personalizados y postres t\u00edpicos y tradicionales peruanos. Ubicados en la zona de Plaza Espa\u00f1a; Nos especializamos en los siguientes postres: Tres Leches,chocolates, selva negra, chocolate, lucuma Peruano Torta Helada Pie de Lim\u00f3n Peruano Picarones Bud\u00edn Alfajores Pionono Catering Peruano Mazamorra morada Selva Negra\" \/>\n<meta property=\"og:url\" content=\"https:\/\/fabiolacakes.es\/\" \/>\n<meta property=\"og:site_name\" content=\"FABIOLA CAKES MADRID\" \/>\n<meta property=\"article:publisher\" content=\"https:\/\/www.facebook.com\/FABI.DULCE\" \/>\n<meta property=\"article:modified_time\" content=\"2026-02-05T22:49:44+00:00\" \/>\n<meta property=\"og:image\" content=\"http:\/\/fabiolacakes.es\/wp-content\/uploads\/2020\/08\/slider-tarta-chocolate.jpg\" \/>\n<meta name=\"twitter:card\" content=\"summary_large_image\" \/>\n<script type=\"application\/ld+json\" class=\"yoast-schema-graph\">{\"@context\":\"https:\/\/schema.org\",\"@graph\":[{\"@type\":\"Organization\",\"@id\":\"https:\/\/fabiolacakes.es\/#organization\",\"name\":\"Fabiola Cakes Madrid\",\"url\":\"https:\/\/fabiolacakes.es\/\",\"sameAs\":[\"https:\/\/www.facebook.com\/FABI.DULCE\",\"https:\/\/www.instagram.com\/fabiolacakesmadrid\/?hl=es\"],\"logo\":{\"@type\":\"ImageObject\",\"@id\":\"https:\/\/fabiolacakes.es\/#logo\",\"inLanguage\":\"es\",\"url\":\"\",\"caption\":\"Fabiola Cakes Madrid\"},\"image\":{\"@id\":\"https:\/\/fabiolacakes.es\/#logo\"}},{\"@type\":\"WebSite\",\"@id\":\"https:\/\/fabiolacakes.es\/#website\",\"url\":\"https:\/\/fabiolacakes.es\/\",\"name\":\"FABIOLA CAKES MADRID\",\"description\":\"Reposter\\u00eda Tradicional y Creativa\",\"publisher\":{\"@id\":\"https:\/\/fabiolacakes.es\/#organization\"},\"potentialAction\":[{\"@type\":\"SearchAction\",\"target\":\"https:\/\/fabiolacakes.es\/?s={search_term_string}\",\"query-input\":\"required name=search_term_string\"}],\"inLanguage\":\"es\"},{\"@type\":\"ImageObject\",\"@id\":\"https:\/\/fabiolacakes.es\/#primaryimage\",\"inLanguage\":\"es\",\"url\":\"http:\/\/fabiolacakes.es\/wp-content\/uploads\/2020\/08\/slider-tarta-chocolate.jpg\"},{\"@type\":\"WebPage\",\"@id\":\"https:\/\/fabiolacakes.es\/#webpage\",\"url\":\"https:\/\/fabiolacakes.es\/\",\"name\":\"TARTAS FABIOLA CAKES MADRID &mdash; Expertos en tartas peruanas | \\u00a1Pidelo 640336043! plaza Espa\\u00f1a %\",\"isPartOf\":{\"@id\":\"https:\/\/fabiolacakes.es\/#website\"},\"primaryImageOfPage\":{\"@id\":\"https:\/\/fabiolacakes.es\/#primaryimage\"},\"datePublished\":\"2017-11-27T18:29:49+00:00\",\"dateModified\":\"2026-02-05T22:49:44+00:00\",\"description\":\"Hecho con Amor\\\" Autentica pasteler\\u00eda peruana especializada en pasteles personalizados y postres t\\u00edpicos y tradicionales peruanos. Ubicados en la zona de Plaza Espa\\u00f1a; Nos especializamos en los siguientes postres: Tres Leches,chocolates, selva negra, chocolate, lucuma Peruano Torta Helada Pie de Lim\\u00f3n Peruano Picarones Bud\\u00edn Alfajores Pionono Catering Peruano Mazamorra morada Selva Negra\",\"inLanguage\":\"es\",\"potentialAction\":[{\"@type\":\"ReadAction\",\"target\":[\"https:\/\/fabiolacakes.es\/\"]}]}]}<\/script>\n<!-- \/ Yoast SEO plugin. -->","_links":{"self":[{"href":"https:\/\/fabiolacakes.es\/index.php?rest_route=\/wp\/v2\/pages\/5","targetHints":{"allow":["GET"]}}],"collection":[{"href":"https:\/\/fabiolacakes.es\/index.php?rest_route=\/wp\/v2\/pages"}],"about":[{"href":"https:\/\/fabiolacakes.es\/index.php?rest_route=\/wp\/v2\/types\/page"}],"author":[{"embeddable":true,"href":"https:\/\/fabiolacakes.es\/index.php?rest_route=\/wp\/v2\/users\/2"}],"replies":[{"embeddable":true,"href":"https:\/\/fabiolacakes.es\/index.php?rest_route=%2Fwp%2Fv2%2Fcomments&post=5"}],"version-history":[{"count":262,"href":"https:\/\/fabiolacakes.es\/index.php?rest_route=\/wp\/v2\/pages\/5\/revisions"}],"predecessor-version":[{"id":1163,"href":"https:\/\/fabiolacakes.es\/index.php?rest_route=\/wp\/v2\/pages\/5\/revisions\/1163"}],"wp:attachment":[{"href":"https:\/\/fabiolacakes.es\/index.php?rest_route=%2Fwp%2Fv2%2Fmedia&parent=5"}],"curies":[{"name":"wp","href":"https:\/\/api.w.org\/{rel}","templated":true}]}}