{"id":7,"date":"2017-11-27T19:30:00","date_gmt":"2017-11-27T18:30:00","guid":{"rendered":"http:\/\/fabiolacakes.es\/?page_id=7"},"modified":"2026-02-05T23:44:03","modified_gmt":"2026-02-05T22:44:03","slug":"quienes-somos","status":"publish","type":"page","link":"https:\/\/fabiolacakes.es\/?page_id=7","title":{"rendered":"Quienes somos"},"content":{"rendered":"\n<figure class=\"wp-block-image\"><img decoding=\"async\" src=\"http:\/\/fabiolacakes.es\/wp-content\/uploads\/2020\/07\/portfolio-gold-dots-1.png\" alt=\"portfolio-gold-dots-1\" title=\"portfolio-gold-dots-1\"\/><\/figure>\n\n\n\n<figure class=\"wp-block-image\"><img decoding=\"async\" src=\"http:\/\/fabiolacakes.es\/wp-content\/uploads\/2020\/08\/PANAL-FABIUOLA.png\" alt=\"PANAL-FABIUOLA\" title=\"PANAL-FABIUOLA\"\/><\/figure>\n\n\n\n<h1 class=\"wp-block-heading\">\n\t\tBienvenidos\n\t<\/h1>\n\n\n\n<p><strong>Nuestra misi\u00f3n<\/strong> <em>es llevar a vuestras manos un producto elaborado con materias primas de excelente calidad, totalmente personalizado y adaptado a cada ocasi\u00f3n, por lo que prestamos especial cuidado e inter\u00e9s a los detalles.<\/em><\/p>\n\n\n\n<p><strong>Emplazados en Madrid Centro, elaboramos tartas tradicionales peruanas, creativas.<\/strong>\nConvertimos tu idea en el regalo especial y original para cumplea\u00f1os, bautizos, primera comuni\u00f3n, bodas, cualquier celebraci\u00f3n es propicia para sorprender a tus seres queridos y dejar una huella dulce en su recuerdo.<br>\nGracias por confiar en nosotros.\n\t\t\t<a href=\"\" target=\"_self\" role=\"button\" rel=\"noopener noreferrer\">\n\t\t\t\t\t\t\tM\u00e1s cerca nosotros\n\t\t\t<\/a><\/p>\n\n\n\n<figure class=\"wp-block-image\"><img decoding=\"async\" src=\"http:\/\/fabiolacakes.es\/wp-content\/uploads\/2020\/07\/LOGO-efectoDORADO-FABIOLA-1024x1024.png\" alt=\"LOGO-efectoDORADO-FABIOLA\" title=\"LOGO-efectoDORADO-FABIOLA\"\/><\/figure>\n\n\n\n<h2 class=\"wp-block-heading\">\n\t\tNosotros\n\t<\/h2>\n\n\n\n<p>FABIOLA CAKES Reposter\u00eda Tradicional y creativa, para Hosteler\u00eda.\nTartas tradicionales<br>\nTartas Creativas<br>\nTartas de cumplea\u00f1os<br>\nTartas para Bodas\n<\/p>\n\n\n\n<h2 class=\"wp-block-heading\">\n\t\tEmpresa\n\t<\/h2>\n\n\n\n<p>\n\tInicio<br>\nSobre nosotros<br>\nCarrito de compras<br>\nContacto\n<\/p>\n\n\n\n<h2 class=\"wp-block-heading\">\n\t\tContacto\n\t<\/h2>\n\n\n\n<p><strong>ESTAMOS EN:<\/strong><br> Calle de Artajona 37 Madrid <\/p>\n\n\n\n<p><strong>640 33 60 43 <\/strong><\/p>\n\n\n\n<p>fabiola353@hotmail.com<\/p>\n\n\n\n<figure class=\"wp-block-image\"><img decoding=\"async\" src=\"http:\/\/fabiolacakes.es\/wp-content\/uploads\/2020\/03\/seguridad-y-banderas-1.png\" alt=\"seguridad-y-banderas-1\" title=\"seguridad-y-banderas-1\"\/><\/figure>\n\n\n\n<p><\/p>\n","protected":false},"excerpt":{"rendered":"<p>Bienvenidos Nuestra misi\u00f3n es llevar a vuestras manos un producto elaborado con materias primas de excelente calidad, totalmente personalizado y adaptado a cada ocasi\u00f3n, por lo que prestamos especial cuidado e inter\u00e9s a los detalles. Emplazados en Madrid Centro, elaboramos tartas tradicionales peruanas, creativas. Convertimos tu idea en el regalo especial y original para cumplea\u00f1os,&hellip;<\/p>\n","protected":false},"author":2,"featured_media":0,"parent":0,"menu_order":0,"comment_status":"closed","ping_status":"closed","template":"","meta":{"footnotes":""},"class_list":["post-7","page","type-page","status-publish","hentry"],"yoast_head":"<!-- This site is optimized with the Yoast SEO plugin v14.8.1 - https:\/\/yoast.com\/wordpress\/plugins\/seo\/ -->\n<title>Quienes somos &mdash; FABIOLA CAKES MADRID<\/title>\n<meta name=\"robots\" content=\"index, follow\" \/>\n<meta name=\"googlebot\" content=\"index, follow, max-snippet:-1, max-image-preview:large, max-video-preview:-1\" \/>\n<meta name=\"bingbot\" content=\"index, follow, max-snippet:-1, max-image-preview:large, max-video-preview:-1\" \/>\n<link rel=\"canonical\" href=\"https:\/\/fabiolacakes.es\/?page_id=7\" \/>\n<meta property=\"og:locale\" content=\"es_ES\" \/>\n<meta property=\"og:type\" content=\"article\" \/>\n<meta property=\"og:title\" content=\"Quienes somos &mdash; FABIOLA CAKES MADRID\" \/>\n<meta property=\"og:description\" content=\"Bienvenidos Nuestra misi\u00f3n es llevar a vuestras manos un producto elaborado con materias primas de excelente calidad, totalmente personalizado y adaptado a cada ocasi\u00f3n, por lo que prestamos especial cuidado e inter\u00e9s a los detalles. Emplazados en Madrid Centro, elaboramos tartas tradicionales peruanas, creativas. Convertimos tu idea en el regalo especial y original para cumplea\u00f1os,&hellip;\" \/>\n<meta property=\"og:url\" content=\"https:\/\/fabiolacakes.es\/?page_id=7\" \/>\n<meta property=\"og:site_name\" content=\"FABIOLA CAKES MADRID\" \/>\n<meta property=\"article:publisher\" content=\"https:\/\/www.facebook.com\/FABI.DULCE\" \/>\n<meta property=\"article:modified_time\" content=\"2026-02-05T22:44:03+00:00\" \/>\n<meta property=\"og:image\" content=\"http:\/\/fabiolacakes.es\/wp-content\/uploads\/2020\/07\/portfolio-gold-dots-1.png\" \/>\n<meta name=\"twitter:card\" content=\"summary_large_image\" \/>\n<script type=\"application\/ld+json\" class=\"yoast-schema-graph\">{\"@context\":\"https:\/\/schema.org\",\"@graph\":[{\"@type\":\"Organization\",\"@id\":\"https:\/\/fabiolacakes.es\/#organization\",\"name\":\"Fabiola Cakes Madrid\",\"url\":\"https:\/\/fabiolacakes.es\/\",\"sameAs\":[\"https:\/\/www.facebook.com\/FABI.DULCE\",\"https:\/\/www.instagram.com\/fabiolacakesmadrid\/?hl=es\"],\"logo\":{\"@type\":\"ImageObject\",\"@id\":\"https:\/\/fabiolacakes.es\/#logo\",\"inLanguage\":\"es\",\"url\":\"\",\"caption\":\"Fabiola Cakes Madrid\"},\"image\":{\"@id\":\"https:\/\/fabiolacakes.es\/#logo\"}},{\"@type\":\"WebSite\",\"@id\":\"https:\/\/fabiolacakes.es\/#website\",\"url\":\"https:\/\/fabiolacakes.es\/\",\"name\":\"FABIOLA CAKES MADRID\",\"description\":\"Reposter\\u00eda Tradicional y Creativa\",\"publisher\":{\"@id\":\"https:\/\/fabiolacakes.es\/#organization\"},\"potentialAction\":[{\"@type\":\"SearchAction\",\"target\":\"https:\/\/fabiolacakes.es\/?s={search_term_string}\",\"query-input\":\"required name=search_term_string\"}],\"inLanguage\":\"es\"},{\"@type\":\"ImageObject\",\"@id\":\"https:\/\/fabiolacakes.es\/?page_id=7#primaryimage\",\"inLanguage\":\"es\",\"url\":\"http:\/\/fabiolacakes.es\/wp-content\/uploads\/2020\/07\/portfolio-gold-dots-1.png\"},{\"@type\":\"WebPage\",\"@id\":\"https:\/\/fabiolacakes.es\/?page_id=7#webpage\",\"url\":\"https:\/\/fabiolacakes.es\/?page_id=7\",\"name\":\"Quienes somos &mdash; FABIOLA CAKES MADRID\",\"isPartOf\":{\"@id\":\"https:\/\/fabiolacakes.es\/#website\"},\"primaryImageOfPage\":{\"@id\":\"https:\/\/fabiolacakes.es\/?page_id=7#primaryimage\"},\"datePublished\":\"2017-11-27T18:30:00+00:00\",\"dateModified\":\"2026-02-05T22:44:03+00:00\",\"inLanguage\":\"es\",\"potentialAction\":[{\"@type\":\"ReadAction\",\"target\":[\"https:\/\/fabiolacakes.es\/?page_id=7\"]}]}]}<\/script>\n<!-- \/ Yoast SEO plugin. -->","_links":{"self":[{"href":"https:\/\/fabiolacakes.es\/index.php?rest_route=\/wp\/v2\/pages\/7","targetHints":{"allow":["GET"]}}],"collection":[{"href":"https:\/\/fabiolacakes.es\/index.php?rest_route=\/wp\/v2\/pages"}],"about":[{"href":"https:\/\/fabiolacakes.es\/index.php?rest_route=\/wp\/v2\/types\/page"}],"author":[{"embeddable":true,"href":"https:\/\/fabiolacakes.es\/index.php?rest_route=\/wp\/v2\/users\/2"}],"replies":[{"embeddable":true,"href":"https:\/\/fabiolacakes.es\/index.php?rest_route=%2Fwp%2Fv2%2Fcomments&post=7"}],"version-history":[{"count":6,"href":"https:\/\/fabiolacakes.es\/index.php?rest_route=\/wp\/v2\/pages\/7\/revisions"}],"predecessor-version":[{"id":1178,"href":"https:\/\/fabiolacakes.es\/index.php?rest_route=\/wp\/v2\/pages\/7\/revisions\/1178"}],"wp:attachment":[{"href":"https:\/\/fabiolacakes.es\/index.php?rest_route=%2Fwp%2Fv2%2Fmedia&parent=7"}],"curies":[{"name":"wp","href":"https:\/\/api.w.org\/{rel}","templated":true}]}}